Let w = 53 + -50. Let m(j) = 5 - j**2 - 3*j + 2*j**w - j**3 + 2*j. Calculate m(0).
5
Let g = 0 + -6. Let c be (-14)/3 - g/9. Let d = -11 - c. Let r(v) = v**3 + 7*v**2 + v + 5. What is r(d)?
-2
Let i(k) = k**2 + 10*k - 29. Suppose -51 = 4*n - l, 6*n - 8*n = 5*l + 9. What is i(n)?
-5
Let l = -8235 + 8239. Let p(d) be the first derivative of -d**4/4 + d**3 + 3*d**2/2 + 5*d - 1. What is p(l)?
1
Suppose 3*k - 2*j + 17 = 5, 0 = -4*k - 5*j - 16. Let t(l) = 4*l + 5. Let g(h) = 3*h + 6. Let y(w) = k*t(w) + 5*g(w). Give y(7).
3
Let m(n) = n - 1. Let a(c) = c**3 + 7*c**2 + 14*c + 2. Let z(x) = -a(x) + 5*m(x). Give z(-6).
11
Let x(q) = -13*q + 33. Let u(j) = -5*j + 12. Let p(a) = 11*u(a) - 4*x(a). Give p(-4).
12
Let b(w) = -w**3 - 8*w**2 + 2. Let h(o) = 2*o**3 + 17*o**2 + o - 3. Suppose 0 = -2*i + 3*d - 7, 3*d = -0 + 3. Let k(t) = i*h(t) - 5*b(t). What is k(-6)?
8
Let p(f) = 34 + f + f**2 - 3*f - 38. Calculate p(-3).
11
Let m = -12 + 6. Let k(z) be the second derivative of -5*z**4/12 + 7*z**3/3 - 7*z. Let t(o) = -4*o**2 + 13*o + 1. Let i(y) = m*t(y) + 5*k(y). Calculate i(-7).
1
Let c(s) = s**2 + s - 5. Suppose -5*q = -12*q + 28. Suppose 0 = 5*w - 24 + q. Calculate c(w).
15
Let z(w) = w + 1. Let u(v) be the second derivative of -v**5/20 - 7*v**4/6 + 2*v**2 - 20*v. Let g be u(-14). Give z(g).
5
Suppose -2*y - 3 - 1 = 0. Let l(r) be the second derivative of -1/3*r**3 - 1/20*r**5 - 1/4*r**4 + 8*r + 0 - r**2. Determine l(y).
-2
Let q(y) be the first derivative of y**4/4 + 8*y**3/3 + y**2/2 + 3*y - 1. Let s be 2*(9 + (-20)/2)*(1 + 3). Give q(s).
-5
Let d(r) be the third derivative of -r**4/8 + r**3/3 + 409*r**2. Suppose -5*t + m - 10 = 0, -2*t + 0*m - 4 = m. Let w = t + 4. Give d(w).
-4
Let x be 1*0/(-1) + (-1)/(-1). Suppose -3*r + x = -4*r. Let l(v) = -6*v**2 - v. Determine l(r).
-5
Let z(y) be the first derivative of -2*y**2 + 66*y + 152. Give z(19).
-10
Suppose j = -j. Let g(s) be the second derivative of 0*s**4 - 6*s + 15/2*s**2 + 0 + 0*s**3 + 1/20*s**5. What is g(j)?
15
Suppose 0 = -3*w + 3, 4*p = -0*w - 4*w - 16. Let d(s) be the third derivative of s**4/24 + 3*s**3/2 + 4*s**2. Calculate d(p).
4
Let f be (-2)/((-4)/6) - -3. Suppose -3*k + f = 0, -3*k + 5 = -b + k. Suppose b*y + x = 5*y, 3*y = 3*x - 6. Let h(n) = 4*n. Give h(y).
8
Let b(c) = -c**3 + 5*c**2 + 2*c - 3. Suppose -3*s + 0*s = 3*q - 66, 4*q + s - 79 = 0. Let h = 19 - q. Suppose 11*i - 6*i - 25 = h. What is b(i)?
7
Suppose -5*a = b + 8, 7*a - 4*a = -2*b - 9. Let z(r) = -6*r**3 - r**2 + r + 1. Give z(a).
5
Let z(v) = 3*v**2 + 6*v - 4. Let x(s) = 4*s**2 + 7*s - 5. Let u(a) = 4*x(a) - 5*z(a). Let p be u(3). Let l(y) = -y**3 + 2*y**2 + 2*y + 1. Determine l(p).
-2
Let a(k) = -k**3 - 5*k**2 - 4*k - 5. Let u be 6*8/12 + -2. Suppose -z = 0, -3*z = u*w - 4*z + 10. Let x be ((-8)/w)/((-12)/30). Determine a(x).
-5
Let s(q) = 2*q**2 + q. Let v = -948 - -945. Calculate s(v).
15
Let h(s) = -9*s**2 - 19*s - 15. Let j(f) = -5*f**2 - 10*f - 8. Let c(x) = -4*h(x) + 7*j(x). Let q be (-15)/(-20)*(-8 + 2 + 2). Give c(q).
-5
Let k(f) = 4*f + 8*f + f - 10 - 3*f. What is k(4)?
30
Let c = 8 + -13. Let f(a) be the third derivative of -a**6/360 - 7*a**5/120 + 37*a**4/12 - 7*a**2 - a. Let b(o) be the second derivative of f(o). Give b(c).
3
Suppose -2*n + 5*n + 5*r = 19, 18 = n + 4*r. Let z(u) = -3*u. Let g = -14 + 12. Let k(a) = a. Let i(c) = g*z(c) - 5*k(c). Give i(n).
-2
Let m(o) be the second derivative of o**4/12 + 7*o**3/6 - 3*o**2 + 10*o - 1. Calculate m(-8).
2
Let n(u) be the first derivative of -7*u**3/3 - u**2 - u - 207. Suppose 1 = j + 2. Give n(j).
-6
Let y(b) = -b**2 - 16*b - 42. Let i be y(-12). Let c(k) = k**3 - 6*k**2 - 2*k - 3. Give c(i).
-15
Let k = 4 + -8. Let q = 7 + k. Let o(n) = -2*n**2 + n + 2*n**q - 1 + 3 - 3*n**3 + 0*n**2. Determine o(-2).
0
Let p(c) = c**3 - 3*c**2 + 4*c - 2. Suppose 2*j - 16 = -6*j. What is p(j)?
2
Let w(d) = 2*d - 10. Let f be (-24)/(1 - 7) - -5. Give w(f).
8
Let i(m) be the second derivative of -m**3 + 9*m**2 + 2*m + 139. Determine i(4).
-6
Let u be (1/2)/(2*(-8)/32). Let l(m) = -10*m**3 + m**2 - 1. Calculate l(u).
10
Let v(u) = u**3 - 4*u**2 + 6*u - 3*u + 1 + 1. Let b be -2 - (-1)/((-3)/(-6)). Let t be 0 - (0 + (-3 - b)). Determine v(t).
2
Let f(a) = 1 + 0*a + 3*a + 5*a - 5*a. Suppose 5*y - 14 = p, 4*y - 12 = p - 0*p. Calculate f(y).
7
Let v(b) = -b**3 + 9*b**2 - 9*b + 5. Let i = 65 + -57. Give v(i).
-3
Let p be (-290)/75 + (-4)/30. Let h(z) be the third derivative of -z**5/60 + z**4/12 + 5*z**3/6 - 3*z**2 + 5*z. Give h(p).
-19
Suppose 0 = -3*w - 4*m - 7 - 3, -14 = -5*w + m. Let f(j) = 2*j**2 + 0*j**2 - 7*j - 6 - 3*j**w + 1. Suppose -6*y - 40 = -10. Calculate f(y).
5
Let r(f) = -26*f**2 + 53*f**2 - 26*f**2 + 0 + 1 + 4*f. What is r(-4)?
1
Let j(q) = -q**2 - 4*q. Let x be j(-3). Suppose 2 = 3*d - 4*t, 0*t - 13 = -4*d - 5*t. Let r(a) = -2*a + 13*a**2 - d*a - 7*a**2 - 1 - 5*a**2. What is r(x)?
-4
Let w(d) = -3*d**2 - 7*d - 4. Suppose 146 = -57*o - 16*o. Give w(o).
-2
Let s(y) = -y - 12. Let n(t) = 21*t + 132. Let w(b) = -n(b) - 18*s(b). What is w(27)?
3
Let l(u) = -u**2 + u. Let c(n) = 4*n**3 - n**2 + 6*n + 7. Let y(g) = -2*g**3 + g**2 - 3*g - 4. Let p(q) = -3*c(q) - 5*y(q). Let z(b) = -l(b) - p(b). Give z(-2).
-7
Let g = -149 + 150. Let v(x) = -x**2 - 3 + 7 + 6 + g - 7*x. Let d be 34/(-4) - 2/(-4). What is v(d)?
3
Let z(k) = 13*k**2 - 1. Suppose 5*t - 4*a + 262 + 201 = 0, 0 = -2*t + a - 184. Let b = t - -90. What is z(b)?
12
Let w(c) = 3*c - 3. Let y(f) = -f**3 - 12*f**2 - 13*f - 22. Let p be y(-11). Let b be w(p). Let m(u) = -u**2 - 6*u + 1. Give m(b).
10
Let r(s) be the first derivative of s**4/4 - 4*s**3 + 7*s**2/2 - 7*s + 61. Calculate r(11).
-51
Let z(f) = f**3 + f**2 - f - 11. Suppose 0 = -21*d + 37*d. Give z(d).
-11
Let x(j) = 5*j**2 + 32*j + 106. Let i(a) = a**2 + 7*a + 21. Let k(l) = 11*i(l) - 2*x(l). Calculate k(-11).
-3
Suppose -4*g + 3 = -7*g, -10 = -5*p - 5*g. Let c(n) = -2*n**3 - 3*n + 49 - 8*n**2 - 4*n - 50 + n**p. What is c(-7)?
-1
Let f be 1 + 3 + (0 - 3 - -1). Let k(i) = 3 - 1 - f*i - 3 + 9. Give k(7).
-6
Let k(l) = -l - 6. Let x(y) = -y**3 + y**2 + y + 24. Let b be x(0). Suppose b*a = 19*a - 25. Determine k(a).
-1
Let f(w) = w - w**2 - 1 + 0*w**2 + 2 + 0. What is f(-1)?
-1
Let r(l) = 18*l + 0 + 21*l - 9 - 14*l. Let m(f) = -13*f + 5. Let n(p) = -11*m(p) - 6*r(p). Determine n(1).
-8
Let m(o) = 8*o - 3. Let r(d) = 17*d - 6. Let v(i) = 13*m(i) - 6*r(i). Suppose -j + 21 = 5*y, 3*j = -j + 5*y + 9. Give v(j).
9
Let o(d) = 3*d**3 + 6*d**2 - 3*d. Let v(r) = -2*r**3 - r. Let n(i) = o(i) + 2*v(i). Determine n(5).
0
Let g(m) = m**3 - 3*m**2 + 3*m - 1. Let t = -50 - -52. Suppose b = -4, 0 = -t*z - 5*b - 4 - 12. Calculate g(z).
1
Let j(f) = -5*f**2 - 2*f + 2. Let s(g) = 2 + 2 + g**2 - 5. Suppose 5*u = 4*u, -3*u = 4*d + 4. Let y(h) = d*j(h) - 4*s(h). What is y(-2)?
2
Let s be 1/((-2)/17*(-6)/12). Suppose 5*v = -f - f + 16, 4*v + 3*f = s. Let d(b) = -2*b**3 + 2*b**2 + 3*b - 2. What is d(v)?
-4
Let z(r) = 18*r + 19. Let x(f) = 18*f + 35. Let l(i) = -6*i - 11. Let k(d) = -7*l(d) - 2*x(d). Let b(c) = -8*k(c) + 3*z(c). Determine b(-3).
-17
Let n = 1001 + -990. Let c(m) = m - 12. Calculate c(n).
-1
Let m(s) be the first derivative of -2*s**2 + 3*s - 85. Give m(5).
-17
Suppose 4*t = 7*t + 27. Let z(v) = v + 16. Let x(b) = -2*b - 30. Let q(k) = -3*x(k) - 5*z(k). Calculate q(t).
1
Let o(p) be the second derivative of 0 + 1/20*p**5 + 3*p**2 - 8*p - 2/3*p**3 - 1/3*p**4. Determine o(5).
11
Suppose -974 + 992 = 18*i. Let u(j) = 11*j**2 - 5*j - 5. Let z(s) = 6*s**2 - 3*s - 3. Let v(t) = 3*u(t) - 5*z(t). What is v(i)?
3
Let w(j) = j**3 + 5*j**2 - 5*j + 6. Let i be (1/2)/(1/2). Let d be (-8 - 0) + i + 2. Let u(y) = -y**3 - 4*y**2 + 6*y - 1. Let x be u(d). What is w(x)?
0
Let k(v) = -2*v - 1. Let u(n) = -n**2 + 14*n + 11. Let l(d) = 5*k(d) + u(d). Calculate l(6).
-6
Let b(k) be the first derivative of k**7/840 + k**6/60 - 7*k**5/120 - k**4/8 - 4*k**3/3 - 24. Let d(p) be the third derivative of b(p). Calculate d(-7).
-3
Let c(p) = 3 - 11*p + 0*p - p**2 + 15*p. Determine c(6).
-9
Let t(i) = -i**2 - 7*i - 3. Let z be 1 + -4 + (26 - 3). Let o = 7 + -3. Suppose o*m = -0*m - z. What is t(m)?
7
Let d(y) = -3*y**2 + 8*y + y**3 - 7*y - 1 + 1 + 1. Suppose 0 = -24*j + 21*j + 6. What is d(j)?
-1
Let v 